on factor of 2267100 and 4290?
330
Calculate the highest common factor of 21516 and 50931958.
3586
Calculate the greatest common divisor of 5 and 11488745.
5
Calculate the greatest common divisor of 18122 and 2582918.
1066
What is the greatest common divisor of 1430671178 and 2476?
1238
What is the greatest common factor of 14 and 38570301?
7
Calculate the highest common divisor of 141104 and 71488.
16
Calculate the greatest common divisor of 659360 and 538720.
2080
What is the greatest common divisor of 2493508 and 40122?
1486
What is the highest common divisor of 485724 and 2598?
6
What is the highest common factor of 79 and 112361463?
79
What is the greatest common factor of 560 and 69262550?
70
Calculate the greatest common factor of 184034 and 44631.
551
Calculate the greatest common factor of 623231 and 72128.
1127
What is the highest common divisor of 1143966108 and 204?
204
What is the greatest common factor of 4057638 and 30?
6
Calculate the highest common divisor of 171 and 4461105.
57
What is the greatest common factor of 102 and 469506?
102
Calculate the highest common factor of 13345160 and 1665.
185
What is the greatest common factor of 254171 and 76641?
433
What is the greatest common factor of 5679395 and 5?
5
What is the greatest common factor of 390574 and 609520?
802
Calculate the greatest common factor of 2529 and 7794097.
281
Calculate the greatest common divisor of 7302477 and 163737.
483
Calculate the highest common factor of 1864512 and 12896.
416
Calculate the highest common divisor of 113 and 91019.
1
What is the highest common divisor of 720072 and 2680?
8
What is the greatest common divisor of 6384 and 83828?
76
What is the highest common factor of 7303 and 179828?
67
What is the greatest common divisor of 28233731 and 1264?
79
What is the greatest common factor of 2755 and 531620?
95
Calculate the highest common divisor of 1551399 and 410.
41
Calculate the greatest common divisor of 191463 and 57.
57
Calculate the greatest common factor of 137 and 3456510.
137
What is the greatest common divisor of 60 and 4280550?
30
Calculate the greatest common factor of 2318378794 and 69.
23
Calculate the highest common factor of 15 and 1025132505.
15
What is the greatest common factor of 97812 and 266244?
132
What is the highest common factor of 2867504 and 176?
16
Calculate the highest common divisor of 6162 and 32130011.
79
What is the highest common factor of 48446385 and 663?
39
What is the highest common divisor of 32368177 and 202?
101
What is the highest common divisor of 85034214 and 666?
666
What is the highest common divisor of 4904 and 155245928?
4904
Calculate the greatest common divisor of 85249 and 484298.
523
What is the greatest common factor of 12125 and 4478975?
2425
What is the greatest common divisor of 89 and 3927481?
89
What is the greatest common factor of 13395 and 5678587?
893
Calculate the highest common divisor of 8496 and 5608304.
944
Calculate the highest common factor of 210 and 5068770.
210
Calculate the greatest common factor of 1144 and 19494761.
143
What is the greatest common divisor of 33382 and 2738?
2
Calculate the greatest common divisor of 12621511 and 5276.
1319
What is the greatest common factor of 2364229 and 201?
67
What is the greatest common divisor of 189221 and 3887?
23
What is the highest common divisor of 38947 and 10385538?
493
Calculate the highest common divisor of 3300 and 413534550.
1650
What is the greatest common divisor of 105443156 and 4732?
4732
What is the highest common divisor of 16 and 1436084?
4
What is the highest common factor of 21586460 and 20?
20
What is the highest common divisor of 167003 and 29378006?
7261
What is the highest common divisor of 48937 and 43267?
7
Calculate the highest common divisor of 1378 and 49378298.
106
Calculate the highest common divisor of 1432658595 and 510.
255
What is the highest common factor of 16208304 and 378?
42
Calculate the highest common factor of 1557 and 10306994.
173
What is the highest common divisor of 2025 and 1579425?
75
Calculate the highest common factor of 1281481 and 2407.
29
Calculate the greatest common factor of 8 and 79526710.
2
Calculate the greatest common factor of 480342 and 150.
6
What is the highest common divisor of 201 and 23109573?
201
Calculate the greatest common divisor of 3402430 and 17063.
113
Calculate the highest common factor of 1425 and 65295875.
475
Calculate the greatest common factor of 527436 and 78798.
138
What is the highest common divisor of 80008836 and 132?
12
What is the highest common divisor of 111 and 957819?
111
Calculate the highest common factor of 36023 and 509184.
221
Calculate the highest common divisor of 36 and 222760344.
12
What is the highest common divisor of 248 and 34959784?
8
What is the greatest common divisor of 163928908 and 39?
13
Calculate the highest common factor of 59488 and 23829.
169
Calculate the highest common divisor of 3620697 and 57.
57
What is the highest common divisor of 908424 and 40182?
222
What is the greatest common factor of 18894747 and 40368?
2523
Calculate the greatest common divisor of 32832 and 162184.
152
What is the highest common factor of 10090 and 413030?
10
What is the greatest common divisor of 2790 and 131742?
18
What is the highest common factor of 112 and 2552291?
7
What is the greatest common factor of 114330150 and 176?
22
Calculate the greatest common divisor of 4824 and 41773428.
2412
Calculate the highest common factor of 34741 and 58163.
49
What is the highest common factor of 6870 and 114853118?
458
Calculate the highest common divisor of 36652 and 1296403.
17
Calculate the highest common divisor of 34924180 and 20.
20
What is the greatest common divisor of 72 and 43503228?
36
Calculate the greatest common factor of 264378455 and 410.
205
Calculate the greatest common factor of 204 and 1280661.
51
Calculate the highest common factor of 232 and 80568148.
116
Calculate the highest common factor of 102 and 5508255.
51
Calculate the highest common factor of 15257417 and 471.
157
What is the highest common divisor of 30 and 22446610?
10
What is the highest common divisor of 4374 and 10806?
6
What is the greatest common divisor of 24 and 7874704?
8
What is the highest common divisor of 115615 and 8455?
95
What is the highest common factor of 735087 and 6?
3
What is the highest common divisor of 87808 and 52016?
16
Calculate the highest common factor of 957264 and 1924.
148
Calculate the greatest common divisor of 3339 and 30661083.
477
What is the greatest common divisor of 11080 and 71020?
20
Calculate the highest common factor of 38752 and 379904.
224
Calculate the highest common factor of 10354 and 290656.
62
Calculate the greatest common divisor of 861 and 236586.
21
What is the greatest common factor of 860 and 81859444?
172
Calculate the highest common divisor of 185 and 2826295.
5
What is the highest common divisor of 60 and 488484?
12
Calculate the greatest common divisor of 1194666278 and 26.
26
What is the highest common factor of 53772600 and 9765?
3255
What is the highest common factor of 70 and 444756676?
14
What is the greatest common factor of 2445877 and 175?
7
What is the highest common divisor of 16316692 and 364?
28
What is the greatest common factor of 35580056 and 176?
8
Calculate the greatest common divisor of 153 and 98889.
51
Calculate the highest common factor of 1456 and 73866.
26
What is the greatest common divisor of 584 and 69991816?
584
Calculate the greatest common factor of 43428405 and 180.
15
Calculate the highest common factor of 111315 and 6540.
15
Calculate the greatest common divisor of 86060 and 19812.
52
Calculate the greatest common factor of 79791255 and 15.
15
What is the greatest common factor of 9140343 and 7959?
1137
Calculate the greatest common divisor of 60 and 14507112.
12
Calculate the greatest common factor of 2301703128 and 558.
558
What is the greatest common factor of 2532 and 1203966?
1266
What is the greatest common divisor of 2070 and 23835015?
1035
What is the greatest common divisor of 24464580 and 2?
2
What is the greatest common factor of 1080 and 365192?
8
What is the highest common divisor of 1350 and 53869968?
54
What is the greatest common divisor of 8500